{"id":32,"date":"2021-10-18T07:54:01","date_gmt":"2021-10-18T05:54:01","guid":{"rendered":"https:\/\/fc3halvleg.dk\/?page_id=32"},"modified":"2021-10-18T07:54:01","modified_gmt":"2021-10-18T05:54:01","slug":"aktivitetsplan","status":"publish","type":"page","link":"http:\/\/fc3halvleg.dk\/index.php\/aktivitetsplan\/","title":{"rendered":"Aktivitetsplan"},"content":{"rendered":"\n<h2 class=\"wp-block-heading\">Nuv\u00e6rende hold\/tr\u00e6ninger<\/h2>\n\n\n\n<p><strong>Udend\u00f8rs fodbold:<\/strong> mandag, S\u00f8ndervangskolen 17-19<\/p>\n\n\n\n<p><strong>Indend\u00f8rs fodbold:<\/strong> l\u00f8rdag, Viby Skole 17-19<\/p>\n\n\n\n<h2 class=\"wp-block-heading\">Fremtidige aktiviteter<\/h2>\n\n\n\n<p><\/p>\n","protected":false},"excerpt":{"rendered":"<p>Nuv\u00e6rende hold\/tr\u00e6ninger Udend\u00f8rs fodbold: mandag, S\u00f8ndervangskolen 17-19 Indend\u00f8rs fodbold: l\u00f8rdag, Viby Skole 17-19 Fremtidige aktiviteter<\/p>\n","protected":false},"author":1,"featured_media":0,"parent":0,"menu_order":0,"comment_status":"closed","ping_status":"closed","template":"","meta":{"footnotes":""},"class_list":["post-32","page","type-page","status-publish"],"_links":{"self":[{"href":"http:\/\/fc3halvleg.dk\/index.php\/wp-json\/wp\/v2\/pages\/32","targetHints":{"allow":["GET"]}}],"collection":[{"href":"http:\/\/fc3halvleg.dk\/index.php\/wp-json\/wp\/v2\/pages"}],"about":[{"href":"http:\/\/fc3halvleg.dk\/index.php\/wp-json\/wp\/v2\/types\/page"}],"author":[{"embeddable":true,"href":"http:\/\/fc3halvleg.dk\/index.php\/wp-json\/wp\/v2\/users\/1"}],"replies":[{"embeddable":true,"href":"http:\/\/fc3halvleg.dk\/index.php\/wp-json\/wp\/v2\/comments?post=32"}],"version-history":[{"count":1,"href":"http:\/\/fc3halvleg.dk\/index.php\/wp-json\/wp\/v2\/pages\/32\/revisions"}],"predecessor-version":[{"id":33,"href":"http:\/\/fc3halvleg.dk\/index.php\/wp-json\/wp\/v2\/pages\/32\/revisions\/33"}],"wp:attachment":[{"href":"http:\/\/fc3halvleg.dk\/index.php\/wp-json\/wp\/v2\/media?parent=32"}],"curies":[{"name":"wp","href":"https:\/\/api.w.org\/{rel}","templated":true}]}}